s of 2323952551?
641, 3625511
List the prime factors of 33243654.
2, 3, 19, 331, 881
List the prime factors of 295889319.
3, 11, 23, 199, 653
What are the prime factors of 3722731956?
2, 3, 2437, 42433
List the prime factors of 98335073.
211, 466043
List the prime factors of 1974183565.
5, 17, 61, 22397
List the prime factors of 281650805.
5, 113, 498497
List the prime factors of 369632063.
241, 1533743
List the prime factors of 87872176.
2, 7, 784573
List the prime factors of 2182234868.
2, 11, 49596247
List the prime factors of 105005422.
2, 479, 109609
List the prime factors of 1177938014.
2, 11, 151, 354587
List the prime factors of 4347363674.
2, 251, 8660087
List the prime factors of 17849341.
19, 939439
List the prime factors of 4286188.
2, 23, 46589
List the prime factors of 33063769.
61, 631, 859
What are the prime factors of 14884714?
2, 13, 19, 29, 1039
List the prime factors of 2629647.
3, 292183
List the prime factors of 414586025.
5, 7, 2369063
List the prime factors of 551712859.
31, 191, 93179
What are the prime factors of 89267614?
2, 44633807
List the prime factors of 2260991211.
3, 17, 271, 9623
What are the prime factors of 138517077?
3, 46172359
What are the prime factors of 78459881?
67, 659, 1777
What are the prime factors of 641323806?
2, 3, 29, 337, 10937
What are the prime factors of 22914156?
2, 3, 1909513
List the prime factors of 24260334.
2, 3, 7, 577627
What are the prime factors of 4386576?
2, 3, 91387
What are the prime factors of 1493798295?
3, 5, 11, 9053323
List the prime factors of 404394868.
2, 101098717
What are the prime factors of 98364488?
2, 31, 396631
List the prime factors of 1711085447.
409, 4183583
What are the prime factors of 143880155?
5, 67, 307, 1399
List the prime factors of 11706283.
11706283
What are the prime factors of 176070690?
2, 3, 5, 1956341
List the prime factors of 108986837.
1213, 89849
List the prime factors of 115638739.
43, 53, 50741
What are the prime factors of 91476191?
91476191
What are the prime factors of 44777420?
2, 5, 547, 4093
List the prime factors of 90421425.
3, 5, 79, 5087
What are the prime factors of 143489547?
3, 113, 199, 709
List the prime factors of 67095448.
2, 7, 1198133
List the prime factors of 12043152.
2, 3, 11, 7603
List the prime factors of 274612903.
274612903
List the prime factors of 902983516.
2, 225745879
What are the prime factors of 37563897?
3, 7, 17, 43, 2447
List the prime factors of 873365945.
5, 31, 37, 152287
List the prime factors of 892745356.
2, 53, 4211063
What are the prime factors of 119341250?
2, 5, 7, 23, 593
List the prime factors of 66854614.
2, 33427307
What are the prime factors of 812183519?
7, 19, 6106643
What are the prime factors of 171114836?
2, 19, 2251511
What are the prime factors of 1030331033?
1030331033
What are the prime factors of 173008177?
173008177
What are the prime factors of 1033709356?
2, 258427339
List the prime factors of 325376553.
3, 108458851
What are the prime factors of 458041776?
2, 3, 29, 329053
What are the prime factors of 586919402?
2, 293459701
List the prime factors of 27251694.
2, 3, 504661
List the prime factors of 284975551.
7, 5167, 7879
What are the prime factors of 23173789?
281, 82469
What are the prime factors of 26311679?
61, 431339
List the prime factors of 946658403.
3, 23, 811, 5639
What are the prime factors of 51113294?
2, 25556647
List the prime factors of 312671488.
2, 1221373
List the prime factors of 15899175.
3, 5, 70663
What are the prime factors of 6427052212?
2, 7, 83, 2765513
List the prime factors of 8399934404.
2, 2099983601
What are the prime factors of 782757555?
3, 5, 677, 77081
What are the prime factors of 462998837?
7, 241, 274451
What are the prime factors of 58729752?
2, 3, 271897
What are the prime factors of 129031136?
2, 13, 37, 83, 101
What are the prime factors of 394919194?
2, 181, 1090937
What are the prime factors of 11704319?
11, 1064029
List the prime factors of 24906148.
2, 23, 270719
What are the prime factors of 106721943?
3, 29, 433, 2833
List the prime factors of 3626004375.
3, 5, 7, 17, 5417
What are the prime factors of 42641518?
2, 349, 61091
What are the prime factors of 3149787259?
3149787259
List the prime factors of 213309399.
3, 577, 123229
List the prime factors of 68318555.
5, 97, 140863
What are the prime factors of 335253410?
2, 5, 33525341
What are the prime factors of 4890115160?
2, 5, 7, 17464697
List the prime factors of 426980930.
2, 5, 42698093
What are the prime factors of 214536463?
11273, 19031
What are the prime factors of 27425179?
27425179
What are the prime factors of 32505104?
2, 2031569
List the prime factors of 165611458.
2, 82805729
What are the prime factors of 172568059?
172568059
What are the prime factors of 891664844?
2, 7, 31845173
List the prime factors of 17681001.
3, 13, 19, 107, 223
What are the prime factors of 63042843?
3, 181, 116101
List the prime factors of 3927074967.
3, 233, 251, 829
What are the prime factors of 166649482?
2, 421, 197921
List the prime factors of 1866665580.
2, 3, 5, 13, 2393161
List the prime factors of 476694493.
11, 197, 219979
What are the prime factors of 74925140?
2, 5, 31, 120847
What are the prime factors of 194242315?
5, 38848463
List the prime factors of 39320283.
3, 13106761
What are the prime factors of 135514636?
2, 33878659
What are the prime factors of 581483329?
7, 83069047
What are the prime factors of 318899484?
2, 3, 59, 50047
List the prime factors of 3469226922.
2, 3, 7, 97, 10513
What are the prime factors of 1738114887?
3, 3911, 148139
What are the prime factors of 64900746?
2, 3, 179, 20143
List the prime factors of 184026067.
223, 825229
List the prime factors of 83132819.
7, 11, 1079647
What are the prime factors of 786503665?
5, 101, 1557433
List the prime factors of 188888928.
2, 3, 1967593
What are the prime factors of 284678331?
3, 7, 571, 23741
List the prime factors of 878353234.
2, 11, 599, 66653
What are the prime factors of 205564034?
2, 13, 17, 465077
What are the prime factors of 2203005278?
2, 14197, 77587
List the prime factors of 237897908.
2, 41, 373, 3889
List the prime factors of 152906038.
2, 29, 2636311
List the prime factors of 35109369.
3, 17, 2833
What are the prime factors of 552103886?
2, 229, 1205467
List the prime factors of 57250806.
2, 3, 9541801
List the prime factors of 2366908401.
3, 11, 13, 5517269
What are the prime factors of 630979663?
13477, 46819
List the prime factors of 177968557.
13, 37, 369997
List the prime factors of 1795506493.
11, 17, 29, 53, 6247
What are the prime factors of 52201679?
17, 331, 9277
List the prime factors of 1447547867.
11743, 123269
What are the prime factors of 1354554888?
2, 3, 56439787
List the prime factors of 50864998.
2, 47, 179, 3023
What are the prime factors of 948700566?
2, 3, 11, 1597139
What are the prime factors of 3630909261?
3, 7, 1033, 23911
List the prime factors of 119778853.
577, 207589
What are the prime factors of 15155286?
2, 3, 211, 11971
What are the prime factors of 146172835?
5, 137, 213391
List the prime factors of 105325616.
2, 11, 379, 1579
What are the prime factors of 201543943?
47, 109, 39341
List the prime factors of 28662828.
2, 3, 2388569
List the prime factors of 1178164794.
2, 3, 1823, 107713
What are the prime factors of 7166447?
7166447
List the prime factors of 439084394.
2, 7, 4480453
What are the prime factors of 1112458478?
2, 17, 5309, 6163
List the prime factors of 497771604.
2, 3, 11, 433, 2903
List the prime factors of 985704683.
22409, 43987
What are the prime factors of 640116311?
59, 10849429
What are the prime factors of 8310759?
3, 31, 89363
List the prime factors of 90197041.
11, 107, 197, 389
List the prime factors of 910180871.
37, 43, 271, 2111
What are the prime factors of 243580777?
11, 17, 1302571
List the prime factors of 111682686.
2, 3, 3557, 5233
What are the prime factors of 47066012?
2, 7, 1680929
What are the prime factors of 326870918?
2, 11, 14857769
List the prime factors of 51508220.
2, 5, 2575411
List the prime factors of 5433969734.
2, 6869, 395543
List the prime factors of 269044212.
2, 3, 239, 93809
List the prime factors of 83060132.
2, 229, 90677
What are the prime factors of 13432143?
3, 4477381
List the prime fa